What is the units digit of w?
1
Let a = -15589 - -26763. What is the hundreds digit of a?
1
Let u(j) = -j**3 + 5*j**2 + 26*j + 31355. What is the thousands digit of u(0)?
1
Suppose 3*l = 3*c + 240, -3*l - 2*c - 3*c + 248 = 0. Suppose 2*j - l = -281. Let g = 178 + j. What is the tens digit of g?
7
Let c = -11927 - -26643. What is the ten thousands digit of c?
1
Suppose -5*u + 2*d = 3*d - 4885, 5*u = -5*d + 4865. Let z = u - 583. What is the units digit of z?
5
Suppose -5*a + 5640 = 5*k, -4*a + 6*k + 4537 = 5*k. Suppose a - 153 = 4*g. What is the units digit of g?
5
Let h(r) be the first derivative of r**3 - 45*r**2/2 - 51*r + 251. What is the thousands digit of h(-18)?
1
Suppose -3*r - 74 = -3*m - 2, 0 = -4*r. Let p = -24 + m. Suppose -11*k + 7*k + 40 = p. What is the units digit of k?
0
Suppose 2*a + 5*y - 344 = 3965, 4*y = -12. What is the units digit of a?
2
Let z = 14569 - -5277. What is the units digit of z?
6
Let b = 24 + 227. Suppose -3*y - 47 = -b. What is the tens digit of y?
6
What is the thousands digit of (1 - 10051)/(-5) + 1 - (-8)/2?
2
Let d = -28604 - -48646. What is the units digit of d?
2
Let n(r) = -r**3 - 2*r**2 - r + 18. Let p be n(-6). Let w = -67 + p. Let g = w - 63. What is the units digit of g?
8
Let c = -31 + 31. Suppose 3*o + q - 708 = c, -o = -2*o - 3*q + 228. What is the units digit of (-1)/((-3)/o) + 4?
3
Let u be (140/350)/(4/190). Suppose 18*q = u*q - 892. What is the hundreds digit of q?
8
Let j be ((-2118215)/(-66))/19 - (-2)/(-12). Suppose j = 14*v - 1531. What is the hundreds digit of v?
2
Let v(u) = 5*u - 26. Let c be v(6). Suppose b - 1 = 3*s, -c*b + 8*b - 4 = -3*s. Suppose 3*r - 33 = -n, s = -2*r - 2 - 4. What is the tens digit of n?
4
Let f(i) = -i**3 - 19*i**2 + 6*i + 24. Let q be f(-19). Let v = -134 - q. What is the units digit of (3/(-2))/(2/v)?
3
Let s = -60 + 60. Suppose 7*p - 4*p - 30 = s. Suppose -p*d - 78 = -11*d. What is the tens digit of d?
7
Suppose 80 = 5*m - 0*m. Let a = -14 + m. Suppose -3*g + 14 = -a*g. What is the units digit of g?
4
Let m(y) = y**2 + 2*y - 13. Let d be m(-5). Let u be 107 - (-3 + 4/d). What is the hundreds digit of u/8*1*8?
1
Let l = -108 + 118. Suppose -122 = l*u - 11*u - 2*j, -2*j = 4. What is the tens digit of u?
2
Suppose 0 = 46*a + 12*a - 3164248. What is the hundreds digit of a?
5
Let o = 12311 - 4543. What is the thousands digit of o?
7
Let y(r) = -202*r - 85. Let v be y(-8). Suppose -5*t - 211 = -v. What is the hundreds digit of t?
2
What is the units digit of (-6 + 7 - -12) + 11842?
5
Suppose 4*x + 592 = -80. What is the tens digit of (-35)/(76/x - 8/(-28))?
1
Suppose -5*g + 9 = 1969. Let c = g + 1624. What is the units digit of c?
2
Let u be (-22 + 17)/(3/(-12) - 0). Suppose 0 = -4*m + u, 4*m - 10100 = 4*g - 11*g. What is the tens digit of g?
4
Let d(s) = s**2 + 111*s + 15641. What is the tens digit of d(183)?
4
Suppose 0*x + 2*w + 2016 = 4*x, 0 = -4*x - w + 2016. Suppose -x = 39*l - 42*l. What is the units digit of l?
8
What is the hundreds digit of 11 + (5209 + 0 - 0)?
2
Let s be ((-10)/10)/((-3)/6). Let u(w) = -5*w + 7 + w**s + 14 + 10 - 12*w. What is the tens digit of u(17)?
3
Let a(l) = -l**2 - 16*l - 24. Suppose -14*y - 40 = -10*y. What is the units digit of a(y)?
6
Let v(j) = 2*j**3 - 29*j**2 - 10*j + 46. Let s be v(15). Let k = s - -147. What is the tens digit of k?
6
Suppose 2*n = -3*w + 1549, 6*w = 4*n + 8*w - 3078. Suppose 4*h + n = 5*f, 262 = 2*f - h - 46. Suppose -7*i + 216 = -f. What is the units digit of i?
3
What is the hundreds digit of (-2)/(-1)*-7113*(1 + (-6)/4)?
1
Let c(u) = -29888*u + 811. What is the tens digit of c(-1)?
9
Suppose -5*z - 61 - 9 = 0. Let t = 18 + z. What is the units digit of 34 + ((-2)/3)/(t/6)?
3
Let d = -8422 + 29885. What is the units digit of d?
3
Let y(v) = v**2 - 17*v - 34. Let z be y(19). Let q(h) = -h**3 + 6*h**2 - 4*h - 2. Let j be q(z). Suppose -3*o = -37 - j. What is the units digit of o?
7
What is the thousands digit of ((-238687)/(-74))/((-5)/(-10))?
6
Suppose -39*d = -41*d - 3*a + 97510, -d + a + 48770 = 0. What is the hundreds digit of d?
7
What is the hundreds digit of (16/(-12) - -2)/(24/42408)?
1
Suppose -5*k + 4*w = -3*k + 18, 0 = 3*k - 5*w + 22. Let u(i) = -5 - i**2 - 8 + k + 2*i**2 - i. What is the units digit of u(6)?
8
Let o be (117 + -27)*(0 + -11). What is the tens digit of (12/(-8) - -1)*o?
9
What is the units digit of (126/(-15))/(3/(-1530))?
4
Let y(n) = -8 - 27*n + 6 - 24. Suppose -32 = 4*b + 5*x - 3*x, 3*b = 2*x - 10. What is the hundreds digit of y(b)?
1
Suppose 3*u = -d - 93, u + 22 = 4*d + 4. Let m(q) = -2*q**2 + 66*q - 325. Let h be m(23). Let w = h + u. What is the units digit of w?
5
Let n = -3340 + 19280. What is the ten thousands digit of n?
1
Let m(w) = -671*w + 107. What is the ten thousands digit of m(-31)?
2
Let h = 23 - 39. Let d be 337/(-4) + (-4)/h. Let k = 159 + d. What is the tens digit of k?
7
What is the hundreds digit of (13/13 - 5)/(-2*(-2)/(-944))?
9
Suppose -3*g + 35*g = -29*g + 3615775. What is the hundreds digit of g?
2
Suppose -3*f - 25 + 4 = 5*t, -2*t - 4 = -f. Let z be (4 + 2 + f)*117/2. Suppose 2*r - 293 = -l, -355 - z = -4*r - 3*l. What is the hundreds digit of r?
1
Let k be (1 + (-1 - -2))/(40/280). Suppose t - 5*v = 287, -k*t + 18*t - 2*v = 1148. What is the tens digit of t?
8
Suppose 48161 - 5421 = 4*q. What is the thousands digit of q?
0
Suppose r = c + 3*r - 49, -3*c + 4*r + 107 = 0. Let n = -22 + c. What is the tens digit of n?
1
Let x(j) = -79*j**2 - 13*j - 30. Let c be x(-4). Let w = c + 2544. What is the thousands digit of w?
1
Let h(c) = -115*c + 32. Let g be h(2). What is the units digit of g/(-22) + 1 + 33?
3
Let x(o) = -o**2 + 9*o - 14. Let f(d) = -1. Let t(k) = 3*f(k) - x(k). Let u be t(7). Let s(h) = h**3 + 4*h**2 + 4*h + 4. What is the units digit of s(u)?
1
Let h(s) be the first derivative of -37*s**2/2 - 4*s - 1. Suppose -317*j + 4 = -319*j. What is the tens digit of h(j)?
7
Suppose 10*h = 54728 + 9622. What is the units digit of h?
5
Suppose 5*c + 5*a = 126140, 4*a = 2*c - 24187 - 26263. What is the ten thousands digit of c?
2
Let x = 82 - 96. What is the hundreds digit of 31560/84 - 4/x?
3
Let j(y) = -y + 19. Let a be j(7). Suppose a*p - 15*p = -93. Suppose -30*o + p*o - 83 = 0. What is the units digit of o?
3
Suppose 2 = -5*c - 3. Let t be c*(11 - 11)*2/4. Suppose 5*k - 601 = -0*v - 4*v, t = v + 5*k - 169. What is the hundreds digit of v?
1
Suppose 1596 = 5*b + 1451. Let c = 8 + 35. Let z = c + b. What is the tens digit of z?
7
Let o be 3 + -7*(3 + -4). Let p(y) = 4*y**2 - 13*y + 60. What is the tens digit of p(o)?
3
Let y be 9/(-6)*-1*28 - -2. Suppose -y = 7*c + 12. What is the tens digit of 84/c*(2 - (-78)/(-9))?
7
Let u(p) = -15*p**2 + 875*p. What is the thousands digit of u(51)?
5
What is the units digit of ((-9800)/42)/((-7)/252)?
0
Suppose 4*x = -v + 77862, 15*x + 5*v + 97340 = 20*x. What is the thousands digit of x?
9
Let x(w) = 43*w**3 - 10*w**2 + 10*w - 54. What is the tens digit of x(9)?
7
Suppose -43*h + 972893 = 35*h + 86267. What is the units digit of h?
7
What is the ten thousands digit of ((515268/81)/4)/(1/18)?
2
Let w(o) = 6*o**2 - o + 16. Let i be w(4). Let q = i + -108. Suppose -46*t + 42*t + 808 = q. What is the tens digit of t?
0
Let b be (-19)/(-3) - (-13)/(-39). Suppose 2*c + b = -5*f + 30, 6 = 5*c - f. Suppose 38 = o - c*z, 5*z + 44 = -0*o + o. What is the tens digit of o?
3
Let t = -46 - -49. Let s(q) = -q**2 + 3*q + 2. Let g be s(t). Suppose 0 = -r + g*r - 4. What is the units digit of r?
4
Suppose -3*n = -5*w + 39, 0 = -0*w - 3*w + 4*n + 19. Suppose 12*f = w*f + 36. Suppose 0 = -5*k + k + f, 0 = -a + 4*k + 187. What is the tens digit of a?
9
Suppose 3*o - 3*a = 4293, 4*o + 2*a - 5703 = -a. Suppose -9*y + 5*y = 5*j - o, 5*j - 1452 = 4*y. What is the tens digit of j?
8
Suppose -8525*t = -8529*t + 17492. What is the thousands digit of t?
4
Let g = 603 + -604. Let n(f) = 962*f**2 + 8*f + 1. What is the hundreds digit of n(g)?
9
Suppose 3*a - 13 = -b - a, 0 = -3*b - 5*a + 18. Suppose -b + 2 = -h, -h = 4*d - 1771. What is the hundreds digit of d?
4
What is the units digit of (22/(-88))/(3/(-33384))?
2
Let p(m) = m**3 + 4*m**2 + m + 9. Let g be p(-3). Let c be (-1 - 0)/((-5)/g). Suppose -3*o = -12, c*y - 6*y = 5*o - 50